en -4 + (z/2 - 297/(-6)) is divided by 16?
13
What is the remainder when (-3)/(-9)*-244*(725/(-58) - -11) is divided by (-8)/12 - (-190)/6?
29
Let u = -156 + 158. Suppose -55 - 7 = -u*k. Suppose -6*b = -2*b - 732. What is the remainder when b is divided by k?
28
Suppose 0 = o - 3*o + 20. Suppose 6*l - o = 56. Suppose 11 = 2*f - l. Calculate the remainder when 26 is divided by f.
4
Let r be (-8)/(-6)*(0 - (-12)/8). Suppose -2*i + 5*f = -i - 37, 0 = -r*i - 5*f + 119. Let s = i - 33. Calculate the remainder when s is divided by 10.
9
Suppose 2*k - 2*u - 48 = -18, -5*k + 2*u = -63. Suppose -k*w - 440 + 3520 = 0. Calculate the remainder when w is divided by 22.
16
Suppose -2*l - 308 = -6*l. Suppose -23 = g - 33. Suppose 11*r - 13 = g*r. Calculate the remainder when l is divided by r.
12
Suppose 135*n + 4058 = 38618. What is the remainder when 535 is divided by n?
23
Calculate the remainder when 1/2 - 333851/(-518) is divided by 222.
201
Calculate the remainder when 186 is divided by (-1 - -53)*(-5 - (-168)/32).
4
Calculate the remainder when 5/40 - (38218/(-48) - 50/75) is divided by 199.
1
Let n(i) be the first derivative of -30 - 11*i**2 + 2/3*i**3 - 12*i. Calculate the remainder when n(15) is divided by 22.
20
Suppose -5*c = 4*t + 72, -c + 3*c - t = -21. Let w be 28/6 + c/18. Suppose w*z = 20, 5*z - 50 = -d - 0*d. What is the remainder when d is divided by 4?
1
Let p(j) = j**3 + 3*j**2 - 40*j + 185. Calculate the remainder when p(13) is divided by 99.
92
Let s = -6 + 29. What is the remainder when (16/10)/(34/935) is divided by -1 + 5 - (s + -46)?
17
Let x = -9 + 7. What is the remainder when (1620/(-126))/(9/(-42)) is divided by ((-96)/(-18))/(x/(-3))?
4
Suppose -2*x + 228 = 76. What is the remainder when ((-44)/7)/(15/(-105))*3162/372 is divided by x?
70
Let i be (-2 + (-3)/(-2))/((-2)/(-4)). Let v be (8 - 200/15)*3/i. Suppose -5*j + 5*o + 76 = v, 2*j + 3*o = 4. What is the remainder when 62 is divided by j?
6
Calculate the remainder when 19 - 3/((-51)/3995) is divided by 56.
30
Let w(p) = -20*p - 153. What is the remainder when w(-30) is divided by 6?
3
Suppose 4*c + 5 = 73. Suppose -138 = -b - s, -77*s - 557 = -4*b - 82*s. Calculate the remainder when b is divided by c.
14
Suppose 4*g + 17 = 3*o + 36, 0 = 20*o - 60. Suppose 3*k = 2*v + 78, 0 = -2*v + 5*k - k - 80. Let z = v + 74. What is the remainder when z is divided by g?
3
Suppose -5*a + 4 = -476. Let w = a - 58. Let l(s) = 644*s - 36044. What is the remainder when w is divided by l(56)?
18
Let s(q) = -2*q**3 + 11*q**2 - q - 3. Suppose 3*j = -5*o + 35, 4*o - 21 = -4*j + 15. Calculate the remainder when 67 is divided by s(j).
16
Suppose 0 = 9*y + 35 + 91. What is the remainder when 8*(-1)/(-28) + (-304)/y is divided by (-164)/(-14) - 2/(-7)?
10
Let q be 3 + (-71 - -1 - 2). Let s(v) = 3*v**3 - 5*v**2 - 13*v + 10. Let h be s(5). Let a = q + h. Calculate the remainder when a is divided by 32.
30
What is the remainder when 521 is divided by ((-12)/16)/(-3) + 2055/20?
6
Suppose -41 = -3*s + 22. Suppose 34 = s*x - 17*x + 5*c, -x + 3*c = 0. Calculate the remainder when 16 is divided by x.
4
Suppose v + 32 = 2*t, 3*t + 4*v = -5 + 53. Suppose -3*w - j = -213, 0 = -2*w + 4*j - 49 + 177. Let x = w - 34. What is the remainder when x is divided by t?
4
Let m(t) = 444*t + 6230. Calculate the remainder when m(-14) is divided by 1*6*(1 - 0).
2
Suppose 0 = 3*h + 5*w - 8*w - 3, 4 = -2*h + 4*w. Suppose -3*s - h*s + 1211 = 0. What is the remainder when s is divided by 29?
28
Let d(l) = 2*l - 43. Let s be d(23). Suppose 0 = -n - 4*n + 665. Suppose -s*o - 4*o = -n. Calculate the remainder when o is divided by 4.
3
Suppose 437*b - 431*b - 10356 = 0. Calculate the remainder when 1741 is divided by b.
15
Suppose -18 = -0*q - 2*q. Suppose -7*j - 759 = -185. Let t = 87 + j. Calculate the remainder when q is divided by t.
4
Suppose -234 = -2*r + 3*a + 300, 6*r - 4*a - 1592 = 0. What is the remainder when 1082 is divided by r?
26
Let s(y) = 8*y + 1945. What is the remainder when s(40) is divided by 14?
11
Let i be (-5)/(-3*(-7)/(-63)). Suppose i*n + 192 = 19*n. What is the remainder when n is divided by 5?
3
Let y be (0 - 1)*(-1 + 10/(-2)). Suppose -y*q + 3042 = 20*q. What is the remainder when q is divided by 52?
13
Suppose 37*g = 60*g - 15226. Calculate the remainder when g is divided by 91.
25
Suppose -14*x + 11*x - 498 = 0. Let s = x + 183. Calculate the remainder when 63 is divided by s.
12
Suppose 112*a - 222*a - 420 = -115*a. Calculate the remainder when (-4)/((-97)/581 + (-2)/(-14)) is divided by a.
82
Suppose 145*w = 79*w + 4884. Calculate the remainder when w is divided by 6.
2
Suppose -22*v = -4*v - 36. Suppose 2*k - 94 = 4*j, -v*k + 4*j = -7*k + 179. Let y = -298 + 452. What is the remainder when y is divided by k?
37
Suppose -136*k = -135*k - 34. Suppose 4*r + r - 10 = 0, 0 = -4*b + 3*r + k. Calculate the remainder when 287 is divided by b.
7
Suppose -4*b + 31*b - 189 = 0. What is the remainder when 36 is divided by b?
1
Let n(y) = 5*y + 205. Let m be n(0). Let i = m - 179. What is the remainder when 46 is divided by i?
20
Suppose m = 5*r + 97, 4*m = -3*r + 4*r + 388. Suppose 5*p - m = -c, -10 + 99 = c - 3*p. What is the remainder when c is divided by 43?
6
Suppose 11*l + 3154 = 3286. What is the remainder when 357 is divided by l?
9
Let b(t) = -5*t**2 - 37*t + 31. Calculate the remainder when 460 is divided by b(-5).
5
Suppose 80*p + 8*p - 2024 = 0. Suppose 3*z - n - 135 = -4*n, z - 29 = -5*n. Calculate the remainder when z is divided by p.
3
Suppose 0 = -46*u + 49*u + 468. Let f = -156 - u. Suppose -32*g + 35*g - 24 = f. What is the remainder when 13 is divided by g?
5
Suppose 0 = -19*a + 3883 - 406. Suppose 192*k - a*k = 558. What is the remainder when 432 is divided by k?
60
Let g = -41 - -14. Let q(y) = 2*y + 79. Calculate the remainder when q(g) is divided by 11.
3
Calculate the remainder when 30228/121 - 40/(-220) is divided by 45.
25
Let v be (-84)/(-294) + (-150)/(-14). Suppose -32*m + v*m = -210. What is the remainder when 53 is divided by m?
3
Suppose 3*z - 5*n = 2*z - 8, 0 = -3*z + 3*n. Suppose z*o = -f - 62 + 181, 2*o = 3*f - 357. Calculate the remainder when f is divided by (0 + 5)/(3/12).
19
Suppose 17*i + 7*i = 336. Suppose 0 = -i*m - m + 3855. What is the remainder when m is divided by 20?
17
Calculate the remainder when 663 is divided by (-60)/(-200)*10 - -91.
5
Let q(l) = 4*l**2 - 5*l - 33. Calculate the remainder when 2813 is divided by q(7).
125
Suppose -10*n + 39 = 9. Suppose 24 + 18 = -3*v + n*i, -4*v + 3*i = 51. What is the remainder when (v/6 + 0)/((-9)/72) is divided by 2?
0
Suppose 0 = 5*y + 5*n - 350, -7*y - 5*n - 168 = -9*y. What is the remainder when 780 is divided by y?
40
Let s be (-8160)/(-456) - 2/(-19). Let z be ((-2)/(-6))/(2/s). Suppose -z*i + i + 28 = 0. Calculate the remainder when 55 is divided by i.
13
Suppose -276 + 300 = 8*g. What is the remainder when (-17 + -517)/(g/(-2)) is divided by 21?
20
Let p(j) = 10*j**2 + 4*j + 13. Let v be p(6). Suppose 0 = -2*n + 411 - v. What is the remainder when 40 is divided by n?
5
Let v(a) = -2*a**3 - 30*a**2 - 2*a - 17. Suppose 147 = i - 5*r, r = 4*i - 391 - 197. Let y = 340 - i. Calculate the remainder when y is divided by v(-15).
11
Suppose -28 + 122 = 2*f. Let c(x) = x**2 + 11*x + 17. Let j be c(-9). Let u(h) = -23*h**3 - h**2 - 3*h - 1. What is the remainder when f is divided by u(j)?
23
Suppose 5*x = 3*k - 94, -3*k + 4*x + 98 - 3 = 0. Suppose 3*r = k + 57. Let d = 49 - r. What is the remainder when 48 is divided by d?
10
Let y = 3 + 1. Suppose -18 + y = 2*h. Let v = 46 - h. Calculate the remainder when v is divided by 27.
26
Let u(o) = o**2 - 6*o + 5. Let j be u(5). Suppose j = -13*v + 6*v + 252. Calculate the remainder when v is divided by 14.
8
Suppose -8 = -t + 2*c, -3*c - 2*c - 41 = -4*t. Let m(y) = 9*y - 167. Let w be m(20). Suppose w*k - 488 = 227. Calculate the remainder when k is divided by t.
13
Let v(x) = -5*x - 28. Let j be v(-14). Let w = -37 + j. Suppose -w*r + 5*f = -400, f = -4*r + 138 + 177. Calculate the remainder when r is divided by 41.
38
Suppose 892 = 234*p - 2644 - 3718. Calculate the remainder when 414 is divided by p.
11
Let u = -1540 + 1571. Calculate the remainder when 5666 is divided by u.
